{"id":134,"date":"2025-11-19T13:07:36","date_gmt":"2025-11-19T06:07:36","guid":{"rendered":"https:\/\/hoaiphong.top\/?post_type=product&#038;p=134"},"modified":"2025-11-19T13:07:36","modified_gmt":"2025-11-19T06:07:36","slug":"quan-tay-casual-mem-mai-non-iron-001-nau","status":"publish","type":"product","link":"https:\/\/hoaiphong.top\/?product=quan-tay-casual-mem-mai-non-iron-001-nau","title":{"rendered":"Qu\u1ea7n T\u00e2y Casual M\u1ec1m M\u1ea1i Non Iron 001 N\u00e2u"},"content":{"rendered":"<p data-start=\"93\" data-end=\"356\"><strong data-start=\"93\" data-end=\"112\">Qu\u1ea7n T\u00e2y Casual<\/strong> l\u00e0 l\u1ef1a ch\u1ecdn l\u00fd t\u01b0\u1edfng d\u00e0nh cho nh\u1eefng ai mu\u1ed1n k\u1ebft h\u1ee3p h\u00e0i h\u00f2a gi\u1eefa phong c\u00e1ch c\u00f4ng s\u1edf l\u1ecbch s\u1ef1 v\u00e0 s\u1ef1 n\u0103ng \u0111\u1ed9ng c\u1ee7a th\u1eddi trang \u0111\u01b0\u1eddng ph\u1ed1. V\u1edbi thi\u1ebft k\u1ebf <strong data-start=\"260\" data-end=\"271\">\u0111a n\u0103ng<\/strong>, chi\u1ebfc qu\u1ea7n mang l\u1ea1i s\u1ef1 linh ho\u1ea1t trong nhi\u1ec1u ho\u00e0n c\u1ea3nh: \u0111i l\u00e0m, \u0111i h\u1ecdc hay d\u1ea1o ph\u1ed1.<\/p>\n<p data-start=\"358\" data-end=\"643\">S\u1ea3n ph\u1ea9m s\u1eed d\u1ee5ng <strong data-start=\"375\" data-end=\"396\">v\u1ea3i Twill cao c\u1ea5p<\/strong> (70% Polyester, 27% Rayon, 3% Spandex), m\u1ec1m m\u1ea1i, tho\u00e1ng m\u00e1t v\u00e0 \u00edt nh\u0103n, gi\u00fap b\u1ea1n lu\u00f4n t\u1ef1 tin su\u1ed1t c\u1ea3 ng\u00e0y d\u00e0i. Thi\u1ebft k\u1ebf <strong data-start=\"517\" data-end=\"538\">l\u01b0ng thun co gi\u00e3n<\/strong> mang \u0111\u1ebfn c\u1ea3m gi\u00e1c tho\u1ea3i m\u00e1i khi v\u1eadn \u0111\u1ed9ng, trong khi <strong data-start=\"591\" data-end=\"603\">\u1ed1ng \u0111\u1ee9ng<\/strong> gi\u00fap t\u00f4n d\u00e1ng v\u00e0 t\u1ea1o v\u1ebb ngo\u00e0i thon g\u1ecdn.<\/p>\n<p data-start=\"645\" data-end=\"918\">\u0110i\u1ec3m nh\u1ea5n tinh t\u1ebf n\u1eb1m \u1edf <strong data-start=\"669\" data-end=\"696\">logo th\u00eau 2D th\u00e2n tr\u01b0\u1edbc<\/strong>, v\u1eeba n\u1ed5i b\u1eadt v\u1eeba gi\u1eef \u0111\u01b0\u1ee3c s\u1ef1 trang nh\u00e3. Nh\u1edd s\u1ef1 c\u00e2n b\u1eb1ng gi\u1eefa th\u1eddi trang v\u00e0 s\u1ef1 ti\u1ec7n d\u1ee5ng, qu\u1ea7n \u0111\u1eb7c bi\u1ec7t ph\u00f9 h\u1ee3p v\u1edbi <strong data-start=\"812\" data-end=\"834\">nam gi\u1edbi v\u0103n ph\u00f2ng<\/strong>, <strong data-start=\"836\" data-end=\"849\">sinh vi\u00ean<\/strong>, <strong data-start=\"851\" data-end=\"863\">h\u1ecdc sinh<\/strong>, v\u00e0 nh\u1eefng ai y\u00eau th\u00edch phong c\u00e1ch tr\u1ebb trung, hi\u1ec7n \u0111\u1ea1i.<\/p>\n<p data-start=\"920\" data-end=\"1200\">Thu\u1ed9c <strong data-start=\"926\" data-end=\"949\">B\u1ed9 s\u01b0u t\u1eadp No Style<\/strong>, s\u1ea3n ph\u1ea9m h\u01b0\u1edbng \u0111\u1ebfn th\u1eddi trang \u0111a phong c\u00e1ch, kh\u00f4ng gi\u1edbi h\u1ea1n, ph\u00f9 h\u1ee3p v\u1edbi nhi\u1ec1u \u0111\u1ed1i t\u01b0\u1ee3ng ng\u01b0\u1eddi m\u1eb7c. \u0110\u00e2y c\u0169ng l\u00e0 m\u1eabu qu\u1ea7n \u0111\u01b0\u1ee3c t\u00ecm ki\u1ebfm ph\u1ed5 bi\u1ebfn v\u1edbi c\u00e1c t\u00ean g\u1ecdi nh\u01b0: <em data-start=\"1116\" data-end=\"1140\">qu\u1ea7n t\u00e2y nam l\u01b0ng thun<\/em>, <em data-start=\"1142\" data-end=\"1160\">qu\u1ea7n t\u00e2y c\u00f4ng s\u1edf<\/em>, <em data-start=\"1162\" data-end=\"1180\">qu\u1ea7n t\u00e2y co gi\u00e3n<\/em>, <em data-start=\"1182\" data-end=\"1199\">qu\u1ea7n t\u00e2y casual<\/em>.<\/p>\n<p data-start=\"1202\" data-end=\"1285\"><strong data-start=\"1202\" data-end=\"1223\">Xu\u1ea5t x\u1ee9: Vi\u1ec7t Nam<\/strong> \u2014 \u0111\u1ea3m b\u1ea3o ch\u1ea5t l\u01b0\u1ee3ng v\u00e0 ph\u00f9 h\u1ee3p xu h\u01b0\u1edbng th\u1eddi trang hi\u1ec7n \u0111\u1ea1i.<\/p>\n","protected":false},"excerpt":{"rendered":"<p>Qu\u1ea7n T\u00e2y l\u01b0ng thun m\u1ec1m m\u1ea1i, tho\u00e1ng m\u00e1t, \u0111\u1ed9 b\u1ec1n cao, \u00edt nh\u0103n, kh\u00e1ng khu\u1ea9n.<\/p>\n","protected":false},"featured_media":135,"comment_status":"open","ping_status":"closed","template":"","meta":[],"product_brand":[],"product_cat":[17,36,41],"product_tag":[],"class_list":{"0":"post-134","1":"product","2":"type-product","3":"status-publish","4":"has-post-thumbnail","6":"product_cat-quan","7":"product_cat-quan-dai","8":"product_cat-quan-tay","10":"first","11":"instock","12":"sale","13":"virtual","14":"purchasable","15":"product-type-simple"},"yoast_head":"<!-- This site is optimized with the Yoast SEO plugin v27.1.1 - https:\/\/yoast.com\/product\/yoast-seo-wordpress\/ -->\n<title>Qu\u1ea7n T\u00e2y Casual M\u1ec1m M\u1ea1i Non Iron 001 N\u00e2u - HoaiPhong Store<\/title>\n<meta name=\"robots\" content=\"index, follow, max-snippet:-1, max-image-preview:large, max-video-preview:-1\" \/>\n<link rel=\"canonical\" href=\"https:\/\/hoaiphong.top\/?product=quan-tay-casual-mem-mai-non-iron-001-nau\" \/>\n<meta property=\"og:locale\" content=\"vi_VN\" \/>\n<meta property=\"og:type\" content=\"article\" \/>\n<meta property=\"og:title\" content=\"Qu\u1ea7n T\u00e2y Casual M\u1ec1m M\u1ea1i Non Iron 001 N\u00e2u - HoaiPhong Store\" \/>\n<meta property=\"og:description\" content=\"Qu\u1ea7n T\u00e2y l\u01b0ng thun m\u1ec1m m\u1ea1i, tho\u00e1ng m\u00e1t, \u0111\u1ed9 b\u1ec1n cao, \u00edt nh\u0103n, kh\u00e1ng khu\u1ea9n.\" \/>\n<meta property=\"og:url\" content=\"https:\/\/hoaiphong.top\/?product=quan-tay-casual-mem-mai-non-iron-001-nau\" \/>\n<meta property=\"og:site_name\" content=\"HoaiPhong Store\" \/>\n<meta property=\"og:image\" content=\"https:\/\/hoaiphong.top\/wp-content\/uploads\/2025\/11\/qu-n-tay-no-style-m116-nau-1174881484.webp\" \/>\n\t<meta property=\"og:image:width\" content=\"360\" \/>\n\t<meta property=\"og:image:height\" content=\"504\" \/>\n\t<meta property=\"og:image:type\" content=\"image\/webp\" \/>\n<meta name=\"twitter:card\" content=\"summary_large_image\" \/>\n<meta name=\"twitter:label1\" content=\"\u01af\u1edbc t\u00ednh th\u1eddi gian \u0111\u1ecdc\" \/>\n\t<meta name=\"twitter:data1\" content=\"2 ph\u00fat\" \/>\n<script type=\"application\/ld+json\" class=\"yoast-schema-graph\">{\"@context\":\"https:\/\/schema.org\",\"@graph\":[{\"@type\":\"WebPage\",\"@id\":\"https:\/\/hoaiphong.top\/?product=quan-tay-casual-mem-mai-non-iron-001-nau\",\"url\":\"https:\/\/hoaiphong.top\/?product=quan-tay-casual-mem-mai-non-iron-001-nau\",\"name\":\"Qu\u1ea7n T\u00e2y Casual M\u1ec1m M\u1ea1i Non Iron 001 N\u00e2u - HoaiPhong Store\",\"isPartOf\":{\"@id\":\"https:\/\/hoaiphong.top\/#website\"},\"primaryImageOfPage\":{\"@id\":\"https:\/\/hoaiphong.top\/?product=quan-tay-casual-mem-mai-non-iron-001-nau#primaryimage\"},\"image\":{\"@id\":\"https:\/\/hoaiphong.top\/?product=quan-tay-casual-mem-mai-non-iron-001-nau#primaryimage\"},\"thumbnailUrl\":\"https:\/\/hoaiphong.top\/wp-content\/uploads\/2025\/11\/qu-n-tay-no-style-m116-nau-1174881484.webp\",\"datePublished\":\"2025-11-19T06:07:36+00:00\",\"breadcrumb\":{\"@id\":\"https:\/\/hoaiphong.top\/?product=quan-tay-casual-mem-mai-non-iron-001-nau#breadcrumb\"},\"inLanguage\":\"vi\",\"potentialAction\":[{\"@type\":\"ReadAction\",\"target\":[\"https:\/\/hoaiphong.top\/?product=quan-tay-casual-mem-mai-non-iron-001-nau\"]}]},{\"@type\":\"ImageObject\",\"inLanguage\":\"vi\",\"@id\":\"https:\/\/hoaiphong.top\/?product=quan-tay-casual-mem-mai-non-iron-001-nau#primaryimage\",\"url\":\"https:\/\/hoaiphong.top\/wp-content\/uploads\/2025\/11\/qu-n-tay-no-style-m116-nau-1174881484.webp\",\"contentUrl\":\"https:\/\/hoaiphong.top\/wp-content\/uploads\/2025\/11\/qu-n-tay-no-style-m116-nau-1174881484.webp\",\"width\":360,\"height\":504},{\"@type\":\"BreadcrumbList\",\"@id\":\"https:\/\/hoaiphong.top\/?product=quan-tay-casual-mem-mai-non-iron-001-nau#breadcrumb\",\"itemListElement\":[{\"@type\":\"ListItem\",\"position\":1,\"name\":\"Trang ch\u1ee7\",\"item\":\"https:\/\/hoaiphong.top\/\"},{\"@type\":\"ListItem\",\"position\":2,\"name\":\"C\u1eeda h\u00e0ng\",\"item\":\"https:\/\/hoaiphong.top\/?page_id=8\"},{\"@type\":\"ListItem\",\"position\":3,\"name\":\"Qu\u1ea7n T\u00e2y Casual M\u1ec1m M\u1ea1i Non Iron 001 N\u00e2u\"}]},{\"@type\":\"WebSite\",\"@id\":\"https:\/\/hoaiphong.top\/#website\",\"url\":\"https:\/\/hoaiphong.top\/\",\"name\":\"HoaiPhong Store\",\"description\":\"Qu\u1ea7n \u00c1o D\u00e0nh Cho B\u1ea1n \",\"potentialAction\":[{\"@type\":\"SearchAction\",\"target\":{\"@type\":\"EntryPoint\",\"urlTemplate\":\"https:\/\/hoaiphong.top\/?s={search_term_string}\"},\"query-input\":{\"@type\":\"PropertyValueSpecification\",\"valueRequired\":true,\"valueName\":\"search_term_string\"}}],\"inLanguage\":\"vi\"}]}<\/script>\n<!-- \/ Yoast SEO plugin. -->","yoast_head_json":{"title":"Qu\u1ea7n T\u00e2y Casual M\u1ec1m M\u1ea1i Non Iron 001 N\u00e2u - HoaiPhong Store","robots":{"index":"index","follow":"follow","max-snippet":"max-snippet:-1","max-image-preview":"max-image-preview:large","max-video-preview":"max-video-preview:-1"},"canonical":"https:\/\/hoaiphong.top\/?product=quan-tay-casual-mem-mai-non-iron-001-nau","og_locale":"vi_VN","og_type":"article","og_title":"Qu\u1ea7n T\u00e2y Casual M\u1ec1m M\u1ea1i Non Iron 001 N\u00e2u - HoaiPhong Store","og_description":"Qu\u1ea7n T\u00e2y l\u01b0ng thun m\u1ec1m m\u1ea1i, tho\u00e1ng m\u00e1t, \u0111\u1ed9 b\u1ec1n cao, \u00edt nh\u0103n, kh\u00e1ng khu\u1ea9n.","og_url":"https:\/\/hoaiphong.top\/?product=quan-tay-casual-mem-mai-non-iron-001-nau","og_site_name":"HoaiPhong Store","og_image":[{"width":360,"height":504,"url":"https:\/\/hoaiphong.top\/wp-content\/uploads\/2025\/11\/qu-n-tay-no-style-m116-nau-1174881484.webp","type":"image\/webp"}],"twitter_card":"summary_large_image","twitter_misc":{"\u01af\u1edbc t\u00ednh th\u1eddi gian \u0111\u1ecdc":"2 ph\u00fat"},"schema":{"@context":"https:\/\/schema.org","@graph":[{"@type":"WebPage","@id":"https:\/\/hoaiphong.top\/?product=quan-tay-casual-mem-mai-non-iron-001-nau","url":"https:\/\/hoaiphong.top\/?product=quan-tay-casual-mem-mai-non-iron-001-nau","name":"Qu\u1ea7n T\u00e2y Casual M\u1ec1m M\u1ea1i Non Iron 001 N\u00e2u - HoaiPhong Store","isPartOf":{"@id":"https:\/\/hoaiphong.top\/#website"},"primaryImageOfPage":{"@id":"https:\/\/hoaiphong.top\/?product=quan-tay-casual-mem-mai-non-iron-001-nau#primaryimage"},"image":{"@id":"https:\/\/hoaiphong.top\/?product=quan-tay-casual-mem-mai-non-iron-001-nau#primaryimage"},"thumbnailUrl":"https:\/\/hoaiphong.top\/wp-content\/uploads\/2025\/11\/qu-n-tay-no-style-m116-nau-1174881484.webp","datePublished":"2025-11-19T06:07:36+00:00","breadcrumb":{"@id":"https:\/\/hoaiphong.top\/?product=quan-tay-casual-mem-mai-non-iron-001-nau#breadcrumb"},"inLanguage":"vi","potentialAction":[{"@type":"ReadAction","target":["https:\/\/hoaiphong.top\/?product=quan-tay-casual-mem-mai-non-iron-001-nau"]}]},{"@type":"ImageObject","inLanguage":"vi","@id":"https:\/\/hoaiphong.top\/?product=quan-tay-casual-mem-mai-non-iron-001-nau#primaryimage","url":"https:\/\/hoaiphong.top\/wp-content\/uploads\/2025\/11\/qu-n-tay-no-style-m116-nau-1174881484.webp","contentUrl":"https:\/\/hoaiphong.top\/wp-content\/uploads\/2025\/11\/qu-n-tay-no-style-m116-nau-1174881484.webp","width":360,"height":504},{"@type":"BreadcrumbList","@id":"https:\/\/hoaiphong.top\/?product=quan-tay-casual-mem-mai-non-iron-001-nau#breadcrumb","itemListElement":[{"@type":"ListItem","position":1,"name":"Trang ch\u1ee7","item":"https:\/\/hoaiphong.top\/"},{"@type":"ListItem","position":2,"name":"C\u1eeda h\u00e0ng","item":"https:\/\/hoaiphong.top\/?page_id=8"},{"@type":"ListItem","position":3,"name":"Qu\u1ea7n T\u00e2y Casual M\u1ec1m M\u1ea1i Non Iron 001 N\u00e2u"}]},{"@type":"WebSite","@id":"https:\/\/hoaiphong.top\/#website","url":"https:\/\/hoaiphong.top\/","name":"HoaiPhong Store","description":"Qu\u1ea7n \u00c1o D\u00e0nh Cho B\u1ea1n ","potentialAction":[{"@type":"SearchAction","target":{"@type":"EntryPoint","urlTemplate":"https:\/\/hoaiphong.top\/?s={search_term_string}"},"query-input":{"@type":"PropertyValueSpecification","valueRequired":true,"valueName":"search_term_string"}}],"inLanguage":"vi"}]}},"_links":{"self":[{"href":"https:\/\/hoaiphong.top\/index.php?rest_route=\/wp\/v2\/product\/134","targetHints":{"allow":["GET"]}}],"collection":[{"href":"https:\/\/hoaiphong.top\/index.php?rest_route=\/wp\/v2\/product"}],"about":[{"href":"https:\/\/hoaiphong.top\/index.php?rest_route=\/wp\/v2\/types\/product"}],"replies":[{"embeddable":true,"href":"https:\/\/hoaiphong.top\/index.php?rest_route=%2Fwp%2Fv2%2Fcomments&post=134"}],"wp:featuredmedia":[{"embeddable":true,"href":"https:\/\/hoaiphong.top\/index.php?rest_route=\/wp\/v2\/media\/135"}],"wp:attachment":[{"href":"https:\/\/hoaiphong.top\/index.php?rest_route=%2Fwp%2Fv2%2Fmedia&parent=134"}],"wp:term":[{"taxonomy":"product_brand","embeddable":true,"href":"https:\/\/hoaiphong.top\/index.php?rest_route=%2Fwp%2Fv2%2Fproduct_brand&post=134"},{"taxonomy":"product_cat","embeddable":true,"href":"https:\/\/hoaiphong.top\/index.php?rest_route=%2Fwp%2Fv2%2Fproduct_cat&post=134"},{"taxonomy":"product_tag","embeddable":true,"href":"https:\/\/hoaiphong.top\/index.php?rest_route=%2Fwp%2Fv2%2Fproduct_tag&post=134"}],"curies":[{"name":"wp","href":"https:\/\/api.w.org\/{rel}","templated":true}]}}